{"id":1856,"date":"2020-02-28T12:37:18","date_gmt":"2020-02-28T10:37:18","guid":{"rendered":"https:\/\/www.dergreim.de\/?page_id=1856"},"modified":"2020-02-28T21:06:49","modified_gmt":"2020-02-28T19:06:49","slug":"dl-neu","status":"publish","type":"page","link":"https:\/\/www.dergreim.de\/?page_id=1856","title":{"rendered":"Dienstleistungen"},"content":{"rendered":"\n<h2 class=\"wp-block-heading\"><strong>Sparen Sie Sprit und kaufen Sie Qualit\u00e4t direkt vor Ort<\/strong><\/h2>\n\n\n\n<div style=\"height:100px\" aria-hidden=\"true\" class=\"wp-block-spacer\"><\/div>\n\n\n\n<p class=\"has-large-font-size\"><strong>Hermes-Paketservice \u2013 Der G\u00f6tterbote beliefert auch Marktleugast! <\/strong><\/p>\n\n\n\n<div class=\"wp-block-columns is-layout-flex wp-container-core-columns-layout-1 wp-block-columns-is-layout-flex\">\n<div class=\"wp-block-column is-vertically-aligned-center is-layout-flow wp-block-column-is-layout-flow\">\n<figure class=\"wp-block-image size-large is-resized\"><img loading=\"lazy\" decoding=\"async\" src=\"https:\/\/www.dergreim.de\/wp-content\/uploads\/2019\/08\/hg_erklaerungsillustrationen_02_rgb_paket-ausmessen-1.png\" alt=\"\" class=\"wp-image-1411\" width=\"350\" height=\"157\"\/><\/figure>\n<\/div>\n\n\n\n<div class=\"wp-block-column is-layout-flow wp-block-column-is-layout-flow\">\n<p class=\"has-background has-medium-font-size has-pale-cyan-blue-background-color\">Wenn Sie Ihre Pakete g\u00fcnstig versenden wollen, sind Sie in unserem Hermes-Shop goldrichtig. Wie bieten neben der Paketannahme und \u2013abholung nat\u00fcrlich auch die Annahme von Retouren. Die Preise sind \u00fcber folgenden Link einsehbar: Bei weiteren Fragen wenden Sie sich gerne telefonisch an uns! <\/p>\n<\/div>\n\n\n\n<div class=\"wp-block-column is-layout-flow wp-block-column-is-layout-flow\"><\/div>\n<\/div>\n\n\n\n<div style=\"height:100px\" aria-hidden=\"true\" class=\"wp-block-spacer\"><\/div>\n\n\n\n<p class=\"has-large-font-size\"><strong>Textilreinigung: Wir waschen ihre schmutzige W\u00e4sche<\/strong><\/p>\n\n\n\n<div class=\"wp-block-columns is-layout-flex wp-container-core-columns-layout-2 wp-block-columns-is-layout-flex\">\n<div class=\"wp-block-column is-layout-flow wp-block-column-is-layout-flow\"><\/div>\n\n\n\n<div class=\"wp-block-column is-layout-flow wp-block-column-is-layout-flow\">\n<p class=\"has-background has-medium-font-size has-light-green-cyan-background-color\">Ob Hosen, Hemden oder Sakkos \u2013 wir bekommen alles sauber. Jeden Freitag findet die Abholung bzw. Lieferung in unserem Shop statt, sodass Sie in der Regel binnen einer Woche ihre gereinigten Textilien wieder in den H\u00e4nden halten. Die professionelle Textilreinigung Wild (Bayreuth) widmet sich all ihren W\u00fcnschen und nimmt auch Betten und Teppiche an. Die Preise k\u00f6nnen Sie gerne telefonisch anfragen oder \u00fcber folgenden Link einsehen: <a href=\"http:\/\/www.textilreinigung-wild.de\/\" target=\"_blank\" rel=\"noreferrer noopener\" aria-label=\"WWW (\u00f6ffnet in neuem Tab)\">WWW<\/a><\/p>\n<\/div>\n\n\n\n<div class=\"wp-block-column is-vertically-aligned-center is-layout-flow wp-block-column-is-layout-flow\">\n<figure class=\"wp-block-image size-large is-resized\"><img loading=\"lazy\" decoding=\"async\" src=\"https:\/\/www.dergreim.de\/wp-content\/uploads\/2019\/08\/chemische-reinigung.jpg\" alt=\"\" class=\"wp-image-1402\" width=\"350\" height=\"92\"\/><\/figure>\n<\/div>\n<\/div>\n\n\n\n<div style=\"height:100px\" aria-hidden=\"true\" class=\"wp-block-spacer\"><\/div>\n\n\n\n<p class=\"has-large-font-size\"><strong>Uhrmachen: Wenn sie nicht wissen, welche Stunde geschlagen hat\u2026<\/strong><\/p>\n\n\n\n<div class=\"wp-block-columns is-layout-flex wp-container-core-columns-layout-3 wp-block-columns-is-layout-flex\">\n<div class=\"wp-block-column is-vertically-aligned-center is-layout-flow wp-block-column-is-layout-flow\">\n<figure class=\"wp-block-image size-large is-resized\"><img loading=\"lazy\" decoding=\"async\" src=\"https:\/\/www.dergreim.de\/wp-content\/uploads\/2019\/08\/aftersales406_1.jpg\" alt=\"\" class=\"wp-image-1404\" width=\"350\" height=\"127\"\/><\/figure>\n<\/div>\n\n\n\n<div class=\"wp-block-column is-layout-flow wp-block-column-is-layout-flow\">\n<p class=\"has-background has-medium-font-size has-luminous-vivid-amber-background-color\">Sollte die Zeit bei Ihnen stehen geblieben sein, unser gelernter Uhrmacher hilft Ihnen, bei Reparaturen von Uhren aller Art! <\/p>\n<\/div>\n\n\n\n<div class=\"wp-block-column is-layout-flow wp-block-column-is-layout-flow\"><\/div>\n<\/div>\n\n\n\n<div style=\"height:100px\" aria-hidden=\"true\" class=\"wp-block-spacer\"><\/div>\n\n\n\n<p class=\"has-large-font-size\"><strong>Briefmarken: Keine Briefmarke zur Hand? <\/strong><\/p>\n\n\n\n<div class=\"wp-block-columns is-layout-flex wp-container-core-columns-layout-4 wp-block-columns-is-layout-flex\">\n<div class=\"wp-block-column is-layout-flow wp-block-column-is-layout-flow\"><\/div>\n\n\n\n<div class=\"wp-block-column is-layout-flow wp-block-column-is-layout-flow\">\n<p class=\"has-background has-medium-font-size has-very-light-gray-background-color\">Kein Problem. <strong>DerGreim<\/strong> hat f\u00fcr Sie vorgesorgt und h\u00e4lt Standbriefmarken f\u00fcr Briefe, Gro\u00dfbriefe und Postkarten f\u00fcr Sie parat. <\/p>\n<\/div>\n\n\n\n<div class=\"wp-block-column is-vertically-aligned-center is-layout-flow wp-block-column-is-layout-flow\">\n<figure class=\"wp-block-image size-large is-resized\"><img loading=\"lazy\" decoding=\"async\" src=\"https:\/\/www.dergreim.de\/wp-content\/uploads\/2019\/09\/briefmarken.jpg\" alt=\"\" class=\"wp-image-1627\" width=\"350\" height=\"188\"\/><\/figure>\n<\/div>\n<\/div>\n\n\n\n<div style=\"height:100px\" aria-hidden=\"true\" class=\"wp-block-spacer\"><\/div>\n\n\n\n<p class=\"has-large-font-size\"><strong>Ticket-Service: Zu Hause nichts mehr zu lachen? <\/strong><\/p>\n\n\n\n<div class=\"wp-block-columns is-layout-flex wp-container-core-columns-layout-5 wp-block-columns-is-layout-flex\">\n<div class=\"wp-block-column is-vertically-aligned-center is-layout-flow wp-block-column-is-layout-flow\">\n<figure class=\"wp-block-image size-large is-resized\"><img loading=\"lazy\" decoding=\"async\" src=\"https:\/\/www.dergreim.de\/wp-content\/uploads\/2019\/09\/KartenVVK-4485b4f0.png\" alt=\"\" class=\"wp-image-1630\" width=\"350\" height=\"99\"\/><\/figure>\n<\/div>\n\n\n\n<div class=\"wp-block-column is-layout-flow wp-block-column-is-layout-flow\">\n<p class=\"has-background has-medium-font-size has-vivid-green-cyan-background-color\">Dann erhalten bei uns Tickets f\u00fcr alle regionalen und \u00fcberregionalen Veranstaltungen, die \u00fcber den Ok-Ticketservice buchbar sind. Wir drucken diese vor Ort f\u00fcr Sie aus!<\/p>\n<\/div>\n\n\n\n<div class=\"wp-block-column is-layout-flow wp-block-column-is-layout-flow\"><\/div>\n<\/div>\n\n\n\n<div style=\"height:100px\" aria-hidden=\"true\" class=\"wp-block-spacer\"><\/div>\n\n\n\n<p class=\"has-large-font-size\"><strong>Tintenpatronen: Keine Tinte mehr auf dem F\u00fcller? <\/strong><\/p>\n\n\n\n<div class=\"wp-block-columns is-layout-flex wp-container-core-columns-layout-6 wp-block-columns-is-layout-flex\">\n<div class=\"wp-block-column is-layout-flow wp-block-column-is-layout-flow\"><\/div>\n\n\n\n<div class=\"wp-block-column is-layout-flow wp-block-column-is-layout-flow\">\n<p class=\"has-background has-medium-font-size has-pale-pink-background-color\">Wir bestellen s\u00e4mtliche Druckerpatronen f\u00fcr Sie und entsorgen ihre alte\u2026  <\/p>\n<\/div>\n\n\n\n<div class=\"wp-block-column is-vertically-aligned-center is-layout-flow wp-block-column-is-layout-flow\">\n<figure class=\"wp-block-image size-large is-resized\"><img loading=\"lazy\" decoding=\"async\" src=\"https:\/\/www.dergreim.de\/wp-content\/uploads\/revslider\/tech-slider\/apple_yellos-1024x953.png\" alt=\"\" class=\"wp-image-1430\" width=\"250\" height=\"477\"\/><\/figure>\n<\/div>\n<\/div>\n\n\n\n<div style=\"height:100px\" aria-hidden=\"true\" class=\"wp-block-spacer\"><\/div>\n\n\n\n<p class=\"has-large-font-size\"><strong>Sonderbestellungen<\/strong><\/p>\n\n\n\n<div class=\"wp-block-columns is-layout-flex wp-container-core-columns-layout-7 wp-block-columns-is-layout-flex\">\n<div class=\"wp-block-column is-vertically-aligned-center is-layout-flow wp-block-column-is-layout-flow\">\n<figure class=\"wp-block-image size-large is-resized\"><img loading=\"lazy\" decoding=\"async\" src=\"https:\/\/www.dergreim.de\/wp-content\/uploads\/2019\/09\/Sonderbestellungen-713x1024.png\" alt=\"\" class=\"wp-image-1634\" width=\"250\" height=\"512\"\/><\/figure>\n\n\n\n<p><\/p>\n<\/div>\n\n\n\n<div class=\"wp-block-column is-layout-flow wp-block-column-is-layout-flow\">\n<p class=\"has-background has-medium-font-size has-cyan-bluish-gray-background-color\">Alles was wir nicht eh schon da oder am Lager haben, bestellen wir gerne f\u00fcr Sie im Rahmen unserer M\u00f6glichkeiten!<\/p>\n<\/div>\n\n\n\n<div class=\"wp-block-column is-layout-flow wp-block-column-is-layout-flow\"><\/div>\n<\/div>\n","protected":false},"excerpt":{"rendered":"<p>Sparen Sie Sprit und kaufen Sie Qualit\u00e4t direkt vor Ort Hermes-Paketservice \u2013 Der G\u00f6tterbote beliefert auch Marktleugast! Wenn Sie Ihre Pakete g\u00fcnstig versenden wollen, sind Sie in unserem Hermes-Shop goldrichtig. Wie bieten neben der Paketannahme und \u2013abholung nat\u00fcrlich auch die Annahme von Retouren. Die Preise sind \u00fcber folgenden Link einsehbar: Bei weiteren Fragen wenden Sie<\/p>\n","protected":false},"author":1,"featured_media":0,"parent":0,"menu_order":0,"comment_status":"closed","ping_status":"closed","template":"","meta":{"footnotes":""},"_links":{"self":[{"href":"https:\/\/www.dergreim.de\/index.php?rest_route=\/wp\/v2\/pages\/1856"}],"collection":[{"href":"https:\/\/www.dergreim.de\/index.php?rest_route=\/wp\/v2\/pages"}],"about":[{"href":"https:\/\/www.dergreim.de\/index.php?rest_route=\/wp\/v2\/types\/page"}],"author":[{"embeddable":true,"href":"https:\/\/www.dergreim.de\/index.php?rest_route=\/wp\/v2\/users\/1"}],"replies":[{"embeddable":true,"href":"https:\/\/www.dergreim.de\/index.php?rest_route=%2Fwp%2Fv2%2Fcomments&post=1856"}],"version-history":[{"count":0,"href":"https:\/\/www.dergreim.de\/index.php?rest_route=\/wp\/v2\/pages\/1856\/revisions"}],"wp:attachment":[{"href":"https:\/\/www.dergreim.de\/index.php?rest_route=%2Fwp%2Fv2%2Fmedia&parent=1856"}],"curies":[{"name":"wp","href":"https:\/\/api.w.org\/{rel}","templated":true}]}}